 (450/117 + -4). What is the highest common factor of x and g?
1
Let h = 166 + -141. Let g = 29 + h. Suppose -3*u = 0, 5*u + 108 = 3*l - 0*u. What is the highest common factor of l and g?
18
Let s be (17/(-170) - (-4)/(-10))*2. Let a be (-121)/s + (14 - 7). Calculate the greatest common divisor of 1 and a.
1
Suppose -2*l - 7*a + 8*a + 530 = 0, -5*l + 2*a + 1324 = 0. What is the highest common divisor of 330 and l?
66
Let c = -22192 - -22895. What is the greatest common factor of c and 608?
19
Suppose 2*h + 3 = -w, -3*h - 7*w = -3*w + 2. Let u be h*(-6)/(-36)*-189. What is the highest common divisor of u and 42?
21
Let f = 17 + -8. Let c be 6/f + (-120)/(-9). Suppose 0*n - 105 = -3*n. What is the highest common divisor of c and n?
7
Let a(c) = -12*c + 246. Let i be a(20). Suppose -1 = 2*q + p - 2*p, -5 = -3*q - 5*p. Suppose -v + 16 + 8 = q. What is the highest common divisor of i and v?
6
Suppose -16*o - 1300 = -6*o. Let n be (80/50)/((-2)/o). Suppose 4*a = -4*k + n, -54 - 47 = -4*a - k. What is the greatest common factor of 225 and a?
25
Let x(c) = c**3 + 5*c**2 + c + 231. Let k be x(0). What is the highest common divisor of 22 and k?
11
Suppose 0 = 6*v - v - 5625. Let o be 28/(-3) + 31463/1293. Calculate the greatest common factor of o and v.
15
Suppose -321 = -2*s - 5*t, -2*s - 2*t + 116 = -214. What is the highest common divisor of 210 and s?
42
Let j = -6 - -15. Let c(f) = -f**2 + 22*f + 41. Let l be c(8). What is the highest common divisor of j and l?
9
Suppose -21*l + 18*l + 519792 = 45*l. Calculate the highest common factor of 221 and l.
221
Let s(r) = 32*r - 7. Let p be s(5). Let h be 39 - -8*(5 + -4). Suppose -b = -4*j - h, 3*b - 140 = -5*j + 18. Calculate the greatest common divisor of p and b.
51
Let s = -2119 - -2551. Calculate the highest common factor of 32 and s.
16
Let x = -5579 - -5584. Let q be (75/6)/((-2)/(-4)). Suppose -2*j + q = -j. What is the greatest common factor of j and x?
5
Let k be 145 + -5 - (-29 + 33). What is the highest common factor of k and 136?
136
Let i be 313 + (-52)/(-65)*25. Suppose 3*z = 8*z - 370. What is the highest common factor of i and z?
37
Suppose -3*c - 481 = -583. Suppose 9*q = -5*o + 4*q + 175, -3*o = -5*q - 97. Calculate the greatest common factor of o and c.
34
Suppose -h - 3 = 0, -11*p + 7*p = h - 1765. What is the greatest common divisor of p and 91?
13
Let o be 6/(-18)*24*(-1842)/24. Calculate the highest common divisor of 16 and o.
2
Let g(z) = 149*z - 707. Let h be g(5). Suppose -638 = -5*d + 4*k - 38, 4*d - 480 = -k. Let f = d - 82. Calculate the highest common divisor of h and f.
38
Let o be 9/(45/94) + 2/10. Let g(u) = -15*u + 6*u + 46 + o + 10*u. Let h be g(0). What is the highest common divisor of 13 and h?
13
Let s(z) = z**3 - z**2 + 43. Let v be s(0). Suppose -81 + 448 = x - 5*t, -8 = -2*t. Calculate the highest common factor of x and v.
43
Let y be (2/(-3))/((-8)/36*1). Suppose -19*h + 808 = -15*h - 2*j, y*j + 412 = 2*h. Calculate the greatest common divisor of 8 and h.
8
Let v(g) = 60*g**2 + 17*g - 29. Let c be v(2). Suppose -6*i + 317 - c = 0. Calculate the greatest common divisor of 324 and i.
12
Let g(q) = -2*q + 79. Let v be g(39). Let s(i) = 39*i**2 - i - 1. Let m be s(v). What is the highest common factor of 1 and m?
1
Let z be (9/6)/(6/40). Suppose 3*x + 22 = -68. Let a be (6/4)/(x/(-200)). Calculate the highest common factor of z and a.
10
Suppose a - 127 = 2*z + 3*z, a = -z + 109. Let p = 103 - 127. Let k = 52 + p. Calculate the highest common divisor of a and k.
28
Let w be (-54)/(-48) + -1 - 3975/(-200). Calculate the highest common factor of 1390 and w.
10
Suppose 4*t + 28 = 8*t. Let l(a) = t*a - a - 2*a - a + 22. Let b be l(-6). Calculate the greatest common factor of 44 and b.
4
Suppose -59*r = -46578 - 172304 + 44596. What is the greatest common factor of r and 28?
14
Let k be (1*(-30)/(-18))/((-50)/(-900)). What is the greatest common divisor of 2514 and k?
6
Let b = 3281 - 3264. Calculate the greatest common factor of 11 and b.
1
Let s(r) = 63*r - 136. Let l be s(-14). Let n = 1243 + l. What is the highest common factor of 525 and n?
75
Suppose 0 = -54209*w + 54211*w - 612. Calculate the greatest common divisor of w and 144.
18
Let p(v) = -v**3 - 8*v**2 + 2*v + 19. Let w be p(-8). Suppose 0 = -w*x - 2*f + 520, -168 = -x + 3*f - 5*f. What is the greatest common factor of x and 22?
22
Let g = -1365 + 1378. What is the highest common factor of g and 871?
13
Let s(t) = -t + 4. Let n be s(4). Suppose n = o - 4*o + 126. Let y = 42177 + -42171. What is the greatest common divisor of y and o?
6
Suppose -3*q - 4*l = -20 - 2, -q = 3*l - 9. Suppose -q*y + 13*y + 224 = 0. Let r = -25 - y. What is the greatest common factor of r and 7?
7
Let d(l) = -5*l + 92. Let m be d(18). Suppose m*u + 3*i - 24 = 0, 8*u = 5*u - i + 22. Calculate the highest common divisor of u and 6.
6
Suppose 195 = 4*b - h - 46, -b + 5*h + 84 = 0. What is the greatest common divisor of b and 1239?
59
Suppose 5*h + 5*t = 9980, -5724 + 1756 = -2*h + 2*t. Calculate the highest common factor of h and 10.
10
Suppose -x + 25*r = 21*r - 167, 743 = 4*x - r. Calculate the highest common factor of x and 2.
1
Let a be (-6)/9 - (-606450)/234. What is the greatest common divisor of a and 2?
1
Let a(x) = -x**3 + 12*x**2 - 9*x + 12. Let f be a(11). Let b = f + -14. Let s = 1535 + -1530. Calculate the greatest common divisor of s and b.
5
Suppose -377*k - 20*k = -32098 - 39362. Let j = 51 + -15. Calculate the highest common factor of j and k.
36
Suppose 164*j + 29*j - 4053 = 0. Let h be (-174)/(-15) - (-2)/5. Calculate the highest common divisor of h and j.
3
Suppose 0*k - 2*k - 3*l - 40 = 0, 0 = -5*l. Let n = 15 - k. Suppose -223*s = -78*s - 50750. Calculate the greatest common divisor of n and s.
35
Let i be (-6)/(-12)*2*3. Let x be -1 + ((-180)/(-2))/i. Suppose -5*d = -4*a + 333, 7*d - 11*d + 99 = a. What is the greatest common factor of a and x?
29
Let p(z) = 9*z - 65. Let l be p(25). Let s = -1655 + 1687. Calculate the greatest common factor of l and s.
32
Suppose 4*f + 37 = -p + 50, -2*f = 4*p - 38. Calculate the greatest common divisor of 132 and p.
3
Suppose -3*l - 84 = -3*i, 12*l - 8*l = 5*i - 142. Calculate the greatest common factor of i and 790.
10
Let q be ((-8)/(-10))/((-73)/(-365)). Suppose 3*d = a + 192, q*a = -0*a. What is the highest common divisor of 96 and d?
32
Suppose -2*v - 4*k + 9 + 1 = 0, -8 = -4*v + 4*k. Let c be (-7)/(-7) - (v - 2). Let y = 11 + c. Calculate the greatest common factor of y and 55.
11
Let n(z) = 3484*z - 2738. Let b be n(4). What is the highest common factor of b and 22?
22
Let a = -13126 - -14830. Calculate the greatest common divisor of 923 and a.
71
Suppose 2*c + a - 47 = -0*c, -c + 31 = -2*a. Suppose 206*m = 205*m - 10. Let h be 650/78 - m/6. Calculate the highest common factor of c and h.
5
Let t be 1/(-2)*1*((-88650)/15 - -12). Calculate the highest common factor of 9 and t.
3
Let m(z) = 4*z**2 + 4*z - 1. Let o be m(4). Suppose 520*g = 518*g + 14, 8*b - 2*g + 6 = 0. Calculate the greatest common divisor of o and b.
1
Let q(h) = -86*h**2 + 501*h - 13. Let s be q(5). What is the greatest common divisor of s and 3306?
114
Suppose -5*g + 6878 = 2*x, -x = -3*g - 2125 - 1325. What is the greatest common divisor of x and 84?
84
Suppose 4*o - 890 = -3394. Let u = -616 - o. What is the highest common divisor of 30 and u?
10
Let b(m) = 62*m - 3150. Let p be b(98). Calculate the greatest common factor of p and 28.
14
Let o(c) = -32*c + 1157. Let m be o(32). Calculate the greatest common divisor of m and 1463.
133
Suppose 28*x - 37*x = -21*x + 57 + 243. Let i = 7 - -8. Calculate the highest common divisor of i and x.
5
Let q(j) = 266*j**3 - j**2 - 57*j + 58. Let m be q(1). What is the greatest common factor of 1995 and m?
133
Suppose -2*n + 4*g = -216, g = 3*g - 2. Let s(u) = -11*u + 33. Let x be (-1)/(-8*2/(-16)). Let t be s(x). Calculate the greatest common factor of n and t.
22
Let h be (-9 - -16) + -1 + -1. Suppose -3*r = -0*r - g - 98, h*r + 5*g = 150. What is the highest common factor of 2 and r?
2
Let s = 1 + 3. Suppose -2*h - s*t = 6, -5*h - 4 = 3*t - 24. Suppose 70 = -3*u + 259. What is the greatest common factor of u and h?
7
Suppose 4*z = 4*r + 10584, -2*r = 3*z - 7